(-8)/10 + (-24948)/(-210) + 13 is divided by v?
32
Let i(m) = 12*m**3 - 5*m**2 + 43*m - 76. Calculate the remainder when i(3) is divided by 121.
90
Let y(q) = q**3 + 3*q**2 - 14*q + 9. Suppose 3*i + 498 = 5*j, -2*j - 4*i - 45 = -265. Calculate the remainder when j is divided by y(-5).
15
Let s(j) = -j**3 - 10*j**2 + 50*j - 46. What is the remainder when 1060 is divided by s(-14)?
34
Suppose -47*k + 25*k + 110 = 0. Let y = k - -6. Calculate the remainder when 184 is divided by y.
8
Suppose -2*c = -10 - 130. Suppose -2*a = -c - 112. Calculate the remainder when a is divided by (-3)/(-15)*3 + (-3696)/(-165).
22
Suppose 2*b - 105 = -a, 348 = 5*b - a + 82. What is the remainder when b is divided by 51?
2
Let m = -297 - -2117. What is the remainder when m is divided by 262?
248
Suppose 2*g = 5*g - 21. Suppose l = 4251*c - 4248*c - 257, -3*l + 475 = 5*c. What is the remainder when c is divided by g?
5
Suppose 0 = -20*t + 12*t + 72. Let k be -2 - (4 + -2 + 1). Calculate the remainder when (1/3)/(k/(-375)) is divided by t.
7
What is the remainder when 997 is divided by 6/21*-1 - (-75748)/812?
67
Let p = 115 + 245. Suppose 14*n = 4*n + p. What is the remainder when 141 is divided by n?
33
Suppose 4*v + a = 58 + 14, 0 = v + 5*a - 37. What is the remainder when v is divided by 80/(-30)*(-3)/(1 - 0)?
1
Calculate the remainder when ((-3)/2 - 8)/(2/(-92)) is divided by 146.
145
Let c = -10856 + 10989. Calculate the remainder when c is divided by ((-24)/(-10))/(3/10).
5
Let u = -131 - -40. Let b = -68 - u. Calculate the remainder when 66 is divided by b.
20
Suppose 123 = 2*g + 19. Let t = g - 7. Let x(d) = d**2 + 8*d - 17. What is the remainder when t is divided by x(3)?
13
Suppose 8 = -3*s - 4. Let z(k) = 35*k + 21. Let r(v) = 157*v + 86. Let c(l) = -2*r(l) + 9*z(l). Calculate the remainder when 33 is divided by c(s).
7
Let j = -4 - 137. Let v = -94 - j. What is the remainder when 323 is divided by v?
41
Let f(j) = 10*j + 28 + 5*j + 8*j - 22*j. Calculate the remainder when 103 is divided by f(24).
51
Suppose 6*w - 5452 - 3800 = 0. Suppose -3*t + 2063 = 5*j, -103 = -4*j + 3*t + w. Calculate the remainder when j is divided by 59.
58
Let i(r) = 321*r + 2573. Calculate the remainder when i(-7) is divided by 21.
11
Let n be ((-22)/77)/(4/(-168)). What is the remainder when 145 is divided by 5 - ((-116)/8 - 18/n)?
19
Let i(n) = -141*n**3 - n**2 + 1. Let v be i(-1). Let r = v - 123. Calculate the remainder when 63 is divided by r.
9
Let s(o) = -30*o. What is the remainder when s(-3) is divided by (-3)/7 - 0 - 8050/(-490)?
10
Let h = -326 + 498. Suppose 10*g - 702 = -h. Calculate the remainder when 114 is divided by g.
8
Let r = -7588 + 7731. Calculate the remainder when 2142 is divided by r.
140
Suppose 173*t - 3173 = 910 + 588. Calculate the remainder when 2482 is divided by t.
25
Let o(h) = 6*h + 160. Let k be (22/(-8))/(4 - (-75)/(-20)). What is the remainder when o(k) is divided by 30?
4
Let f(i) = -3*i**2 - 37*i - 65. What is the remainder when 873 is divided by f(-10)?
3
Let c(f) = 2*f**2 + 6*f - 5. Let i be c(-4). Suppose -4*u - 2*h + 726 = 0, -u + i*h + 186 - 8 = 0. What is the remainder when u is divided by 46?
43
Let a(s) = -s**2 + 53*s + 99. Calculate the remainder when 203 is divided by a(54).
23
Let s = 172 + -170. Suppose 0 = s*j + 4*m - 54, 0 = -0*j + 4*j - 4*m - 48. What is the remainder when 28 is divided by j?
11
Suppose -3*n + 4 = 5*o - 4, -2*o = -2*n. What is the remainder when (n/(6/9))/(15/1340) is divided by 15?
14
Suppose 42*u - 46*u + 2*t + 226 = 0, -u = 4*t - 43. What is the remainder when 1701 is divided by u?
51
Suppose 5*o + a - 22 = 0, -3*a + 0 = -5*o + 14. What is the remainder when 165/o - (-2)/(-8) - -3 is divided by (-28)/(-6) - (-2)/6?
4
Let g = -6020 - -6117. What is the remainder when 872 is divided by g?
96
Let r(f) = -2*f. Let k be (-45)/(-21) + (-6)/42. Suppose 4*u - k*i = 76, 4*u = 5*i + 21 + 43. What is the remainder when u is divided by r(-5)?
1
Let j be -496 - (4 - 7/(7/8)). Let m be (1/(-2))/(3/j). Let i = m + -29. What is the remainder when i is divided by 9?
8
Let m(f) = 17*f**2 - 61*f - 688. Calculate the remainder when m(-8) is divided by 179.
172
Let n be ((-12)/(-16)*-4)/(-1). Suppose n*t = 3*x - 32 + 8, 5*x = 3*t + 50. Let y = 34 - -3. What is the remainder when y is divided by x?
11
Let a(h) = 31*h**2 + 23*h - 65. What is the remainder when a(11) is divided by 197?
196
Let g(b) be the first derivative of b**4/4 + 2*b**3 - 7*b**2/2 + 16*b + 166. What is the remainder when g(-6) is divided by 31?
27
Let d(s) = -95*s - 3285. Calculate the remainder when 489 is divided by d(-36).
84
Let p(o) = -4*o - 2. Let z be p(-2). Let y = 41 - z. Calculate the remainder when 487 is divided by y.
32
Let y(f) = 2*f + 44 - 21 - 12*f**2 - f - 21. Let j be y(2). Let q = -37 - j. Calculate the remainder when 45 is divided by q.
3
Let p(w) = -w**3 + 2*w**2 + 4*w + 8. What is the remainder when p(-8) is divided by 119?
21
What is the remainder when (-2092)/6*((-18)/48)/((-7)/(-28)) is divided by 110?
83
Suppose 0*n - 2*n = 2*h - 16, 4*h - 5*n = 23. Let b = -225 + 123. Let a = b + 161. Calculate the remainder when a is divided by h.
3
Let y = -3126 + 3415. What is the remainder when y is divided by 135?
19
Let b(a) = -25*a - 2. Let c(t) = 3159*t - 6293. Calculate the remainder when b(-2) is divided by c(2).
23
Let b(w) = 9*w**3 + 3*w**2 + 4*w + 2. Let f be b(-2). Let i = f - -56. What is the remainder when 8/(((-5)/i)/(1/2)) is divided by 5?
3
Suppose 184 = -i + 2*i + 2*y, -3*i + 544 = 4*y. Suppose -12*d + 112 = -i. Calculate the remainder when 286 is divided by d.
22
Suppose 3*y = 14 + 4. Suppose 14 = y*z - 10. Suppose -3*u = -2*w - u + 92, z*w + 2*u - 208 = 0. Calculate the remainder when w is divided by 17.
16
Suppose 247*k = 255*k - 32. Let y = 72 + k. What is the remainder when 149 is divided by y?
73
Suppose -2*g - 11 + 37 = -5*k, -28 = 5*k - g. Let c be k/(-4 - -1) - 37. Let u = c - -37. Calculate the remainder when 2 is divided by u.
0
Let d(x) = -x**2 - 53*x + 307. Calculate the remainder when d(-31) is divided by 124.
121
Let v be 6/(-14) + 20/14. Let l be v + 1 + 2/2. Calculate the remainder when 5 is divided by 14/l + (11/(-3) - -3).
1
Let t = 842 + -833. Suppose -3*f - 80 = -4*f. Suppose t*i = 25*i - f. What is the remainder when 68 is divided by i?
3
Suppose 0 = -30*w - 15*w + 8370. What is the remainder when 2038 is divided by w?
178
Suppose 0 = -2*s + 3*d - 5 + 37, 4*s - 84 = -4*d. Calculate the remainder when (-3 + 380 - -1) + 1 is divided by s.
18
Suppose 0*g - 78 = -3*g. Let q be 11/((-33)/(-6))*6. What is the remainder when (2 + -19)*(q + -24 - -9) is divided by g?
25
Let m(c) = c - 2. Let r be m(6). Suppose 2*k = -p + 176, -466 + 126 = -r*k - 5*p. What is the remainder when 174 is divided by k?
84
Let z(k) be the second derivative of k**4/12 - 8*k**3/3 + 33*k**2/2 + 7*k. Let h be z(14). What is the remainder when (-4)/5 + 179/h is divided by 13?
9
Suppose 21*a - 1853 = 625. Suppose a = 14*o - 64. Calculate the remainder when 51 is divided by o.
12
Let h(o) = 4*o - 55. Let z be h(19). Suppose 15 = 5*w + 5*y, 4*w + 4*y = 3*y + z. Let v = w - -17. Calculate the remainder when 90 is divided by v.
21
What is the remainder when 23827 is divided by 9*6808/69*(-4)/(-48)?
73
Let s = -25 - -38. Suppose s*z + 752 = 15*z. Suppose -3*g - 2*g + 3*p = -z, -3*g + 3*p = -222. Calculate the remainder when g is divided by 26.
25
Suppose 8 = -3*q + 56. Let g = 21 - q. Suppose -5*x + 245 = 4*c - 2*c, g*c = x + 653. Calculate the remainder when c is divided by 33.
31
Let q be 6/4 - (-409)/2. Let k be (0 - q/(-4))*(-4)/(-2). Suppose 3*g - 143 = 4*n, -3*g - 6*n + k = -2*n. Calculate the remainder when g is divided by 15.
11
What is the remainder when (31 - 0)*4806/324 + (-5)/(-30) is divided by 90?
10
Let i(c) = c**2 - 18*c + 45. Let t be i(18). Let v = -51 + t. What is the remainder when 46 is divided by (2*v/10)/((-6)/80)?
14
Let v = 218 + -168. Let q(z) = z**2 + 3*z - 77. Calculate the remainder when v is divided by q(-11).
6
Suppose -5*c + 20 = -5. What is the remainder when (-3)/4 + 5670/72 is divided by 13 - ((-15)/c + -1)?
10
Let u(n) = -n**3 + 7*n**2 + 9*n - 4. Let j be u(8). Suppose -p + 4 = 0, 4*v - 88 = 8*p - 10*p. What is t